*3 - 5*z - 10*z**3 - 40 - 19*z**2 + 34*z**3. Determine b(-19).
30
Suppose -166*y = -147*y - 209. Let c(n) = n**3 - 10*n**2 - 8*n - 13. Calculate c(y).
20
Let z(f) = -2*f**3 + 20*f**2 + 2*f + 33. Let b(m) = -m**3 + 9*m**2 + 2*m + 16. Let t(s) = 13*b(s) - 6*z(s). Determine t(-5).
-10
Let n(f) = 9*f - 2. Let c(a) = -a**2 + 17*a + 6. Let v(m) = -c(m) + n(m). What is v(7)?
-15
Let o(m) = -3*m + 74. Let h be o(-17). Let g(i) = -68 - 55 + i + h. What is g(-3)?
-1
Let l = 587 + -585. Let k(q) = -8 + 7 + 4*q**2 - 5*q**2 + q**3 + q - 5*q**2 + 0*q**l. Calculate k(6).
5
Let y(p) = -3*p**3 + p**3 + 0*p**3 + 2*p - 8*p + 1 + 10*p**2. Give y(4).
9
Let n(l) be the second derivative of l**3/3 + 17*l**2/2 - 671*l. Determine n(-5).
7
Let g be ((3 - -6)/(-27))/(2/54). Let q(z) = z**2 + 8*z - 11. Calculate q(g).
-2
Let a(m) = -11*m**3 + m - 1. Suppose -3*d = -3*q - 33, 6*q - q = -4*d - 82. Suppose 60 = 6*b - 10*b. Let s = q - b. What is a(s)?
-11
Let a(o) = -15*o**3 - 4*o**2 + o + 4. Suppose 64*b = 177*b + 19 + 94. What is a(b)?
14
Suppose -8 + 2 = -7*x + 29. Let v(i) = 2*i**2 - 15*i + 13. Determine v(x).
-12
Suppose -22*y + 27*y + i = 28, -2*i = -3*y + 22. Let t(w) = 10*w**3 - 58*w**2 - 13*w + 12. Determine t(y).
6
Let y = 27 + -29. Suppose -p = -5*c + 2*c, -4*c = 3*p. Let h(k) = k**2 + 5*k + 5*k - 7*k + k**3 + 2 + c*k**2. Give h(y).
-8
Let d(i) = -5*i - 9. Let f(j) = 5*j + 10. Let o(q) = 6*d(q) + 5*f(q). Let t(k) = -103*k**2 - 13*k + 40. Let v be t(3). Let u = -931 - v. What is o(u)?
21
Let m(p) = p**3 - 17*p**2 + 15*p + 22. Let u(q) = q**3 - 49*q**2 - 155*q - 36. Let i be u(52). What is m(i)?
6
Suppose -1058 = -1807*r + 2679 - 123. Let b(u) = -2*u**2 + 3*u - 2. Let w(f) = f. Let a(s) = b(s) - 4*w(s). Give a(r).
-12
Let f(c) be the third derivative of -178*c**2 - 11/6*c**3 + c + 0 + 1/8*c**4. Give f(4).
1
Let p(o) = o**2 - 11*o + 9. Let v(n) = -37*n**2 - 16*n - 38. Let b(r) = -43*r**2 - 17*r - 39. Let c(w) = 6*b(w) - 7*v(w). Let j be c(-4). What is p(j)?
-15
Let z(i) = -i**3 + 72*i**2 - 462*i + 454. Let x be z(65). Let r(g) = 5*g**3 - g**2 + 3*g + 3. What is r(x)?
-6
Let n(z) be the third derivative of 3*z**2 + 0*z + 1/2*z**3 + 1/60*z**5 - 1/12*z**4 - 12. Let q be 2 - 1 - (0 - 2). Calculate n(q).
6
Suppose -17*l - 29 = -131. Suppose 2*b - 6*b + 2*a + 8 = 0, -3*b + 3*a + l = 0. Let t(z) = 6*z**2 + 2*z - 3. Determine t(b).
25
Let a(q) = 11*q - 40. Let u be (((-6)/(-20))/((-12)/(-24)))/(3/20). Give a(u).
4
Let y(r) = -4*r + 3. Let c(j) = j**3 - 17*j + 2. Let h be c(6). Let v = h - 124. Determine y(v).
35
Let p(x) = 1752*x + 2 + 658*x**3 - 1751*x - 652*x**3. Calculate p(-2).
-48
Let l be 78/65*-10 + 12. Let s = -7 + 10. Let z(v) = 7 + v**2 - v - 2*v**3 + v**3 + 2*v**s. What is z(l)?
7
Let i(s) = 30*s - 114. Suppose 20*v = 15*v + 20. Let r be i(v). Let g(b) = b**2 - 7*b + 3. What is g(r)?
-3
Suppose 12*m + 10*m = 40*m + 54. Let o(w) = -w**2 - 6*w - 8. Calculate o(m).
1
Let w(c) = -11*c - 2. Let g be w(1). Let o = g - -12. Let x(i) = -3*i + 8. Let a(v) = -7*v + 14. Let y(m) = -4*a(m) + 7*x(m). What is y(o)?
-7
Let a(u) = 17*u**2 - 9*u. Let m(b) = -5*b**2 + 3*b. Let s(r) = 2*a(r) + 7*m(r). Determine s(7).
-28
Let y(l) = -2*l + l**2 - 3*l - 3 + 3*l. Suppose -61*g = -520 + 215. Calculate y(g).
12
Let p(u) = 5*u**2 - 46*u**2 + 23*u - 5 + 42*u**2 - 1 + 1. Determine p(-23).
-5
Let n(h) = 71*h**2 - 26*h + 153. Let f be n(5). Let p(g) = 3591*g - f*g - 1790*g - 6. Let z be (-4)/14 - (-88)/14. Give p(z).
12
Let j(c) = 136 - 291 + 157 + 11*c. Give j(-6).
-64
Let d(r) be the third derivative of -r**7/2520 - r**6/90 - r**5/40 + 13*r**4/8 - 30*r**2 - r. Let m(q) be the second derivative of d(q). Calculate m(-7).
4
Suppose 0*o + 10 = o. Let v(g) = 4*g + 39. Let a(s) = -9*s - 83. Let n(u) = 6*a(u) + 13*v(u). Give n(o).
-11
Let o(c) = 30 - 82 + 24 + 5*c + 26. Suppose 5*m - 1 = 6*m. Let h(n) = n - 1. Let b(i) = m*o(i) + 4*h(i). Determine b(-6).
4
Let x(o) = 13*o + 105. Suppose -361 + 145 = 27*a. Determine x(a).
1
Suppose -12 = -2*o - 2. Let s(h) be the second derivative of -h**3/2 + 3*h**2/2 + 19*h + 2. Let k(i) = -7*i + 6. Let v(m) = o*s(m) - 2*k(m). What is v(5)?
-2
Suppose -5*j + w = -48 + 3, j = -4*w + 9. Let a(i) = 17*i**2 - 4130 - 6*i - i**3 + 4122 - j*i**2. Determine a(7).
-1
Let t(s) = -s**2 - 9*s + 1. Suppose -48*q = -280 - 104. Suppose -2*i - 4*p - 36 = 0, -q*i + 5*p + 57 = -12*i. Give t(i).
9
Let r(z) = z**3 + 2*z**2 - 10*z - 4. Let j(p) = p**3 + 80*p**2 - 173*p - 742. Let f be j(-82). Calculate r(f).
4
Let k(b) = -b**3 - 6*b**2 + 3*b + 25. Let t be k(-3). Let z(c) = 2*c + 8 - c + 0. What is z(t)?
-3
Let p(n) = -2*n + 2 + 4*n - 2*n + 0 - 7*n. Determine p(2).
-12
Let i = 218 - 134. Let p = i + -81. Let k(v) = -53 + 0*v + 51 + 2*v. Determine k(p).
4
Let n = 10 + 32. Suppose -352*m + 346*m = n. Let x(p) = -p - 6. What is x(m)?
1
Let d(m) = 4*m + 2. Let b = -67 - 51. Let c = b - -108. Let l be ((-4)/c)/(3/(-15)). Give d(l).
-6
Let f(d) = 10*d + 5. Let q(h) = -21*h - 11. Let c(l) = -5*f(l) - 2*q(l). Suppose 31*s - 1 = -63. Determine c(s).
13
Let w(a) = 20*a - 6. Let j(r) = -49*r + 15. Let q(d) = -4*j(d) - 10*w(d). Calculate q(3).
-12
Let y(h) = h**2 + 10*h + 2. Let c = -5631 - -5625. Calculate y(c).
-22
Let q(l) = -l**2. Let w(v) = -3*v**2 + 9*v + 10. Let a(n) = 2*q(n) - w(n). Suppose x - 54 = -5*d, -17*d + 18*d + 5*x = 30. Determine a(d).
0
Let f(l) = -l**2 - 3*l + 6. Let r be f(-5). Let t(p) be the third derivative of 0*p + 4*p**2 + 0 - 1/12*p**4 + 5/6*p**3. Give t(r).
13
Suppose 3*u + 4*g = 20 + 3, -4*u + 9 = g. Let p(x) be the first derivative of 3/2*x**2 - 1 + 0*x. Give p(u).
3
Let d(c) be the third derivative of -c**5/20 + 9*c**4/8 - c**3/3 + 2*c**2 - 19. Let g be d(9). Let q(m) = -m**2 + m + 1. Calculate q(g).
-5
Suppose -4*g - 5*n + 15 = 0, 2*g - 3 = -3*g - n. Suppose -54*z + 53*z + 4 = g. Let i be 6/15 + z/(-10). Let o(a) = a - 6. What is o(i)?
-6
Let j = -6129/2 + 3065. Let q(y) be the second derivative of -22*y + 0 - 7/2*y**3 - j*y**2. Calculate q(-1).
20
Let p(l) be the third derivative of -11*l**4/24 - l**3/2 - 90*l**2. Let q(k) = -9*k - 5. Let r(c) = 5*p(c) - 6*q(c). Calculate r(14).
1
Let y(a) = -3*a + 3*a + 10843 - 10900 - 2*a. Give y(-14).
-29
Suppose 0 = c + 2*w + 1, 2*c + 5*w = -2. Suppose 5*f = -5*y + 90, 3*y = 8*y - f - 60. Let r(v) = -y*v**2 - 5 - 11*v + 6 + 13*v. Determine r(c).
-14
Let x(t) be the first derivative of -1/4*t**4 - 3*t + 2/3*t**3 - 3/2*t**2 + 32. Calculate x(-2).
19
Let p(c) = 3*c**2 + 47*c - 9. Suppose 0 = -4*b - 4*g - 48, -7*g - 75 = 6*b - 2*g. Give p(b).
-39
Let u(r) be the first derivative of 5*r**2/2 + 187. Calculate u(-8).
-40
Let b(g) = 2 - 2 + 4 + 4*g - 6. Let x(a) = a**2 + 8*a - 124. Let l be x(-16). What is b(l)?
14
Let l(q) = -94707 + 14*q + q**2 - 94716 + 189409. Give l(-16).
18
Let x(i) = -i**3 + 14*i**2 + 15*i + 6. Let h be (-17)/((-85)/15) - -1*1. Suppose d = 2*v + v + 30, 0 = d + h*v + 5. Determine x(d).
6
Let f be 1043/(-56) + (-36)/96. Let s(p) = -p - 24. Give s(f).
-5
Let l(h) = -h**2 + 2*h - 9. Let r be l(-6). Let t = r + 60. Let j(m) = t*m**2 - 2 - 15*m + 11*m + 4. Determine j(2).
6
Let p(y) be the third derivative of -19*y**4/24 + 256*y**3/3 + 2018*y**2. Give p(27).
-1
Let a(n) = -3*n. Suppose r - 35 = -5*m - 10, 5*r + 4*m = 104. Let y(g) = 1223 - 1223 + r*g - 7*g. Let j(w) = -9*a(w) - 2*y(w). Calculate j(5).
5
Let b(p) = p**3 - 3*p**2 - 2*p + 4. Let k(x) = x**3 + 3*x**2 + 4*x + 8. Let d be k(-6). Let q = d + 127. What is b(q)?
-2
Let o(p) = 2*p**2 + 5*p + 3. Let s(i) be the first derivative of i**4 - 2*i**2 - 3*i + 104. Let g be s(-1). Calculate o(g).
6
Suppose -3*g + 6 = 0, -2012 + 2035 = q + 3*g. Let x(d) = -2*d**3 + 33*d**2 + 16*d + 24. Give x(q).
7
Let d(c) = 6. Let l(x) = -x - 2. Let a(z) = 6*d(z) + 9*l(z). Let r(y) = 11*y - 20. Let s(u) = -4*a(u) - 3*r(u). Determine s(6).
6
Suppose 4*u - m = -248, -69 = 2*u - 2*m + 61. Let v be (-4)/(-1) - (65 + u). Let o(y) = -y**3 - y**2 - 8. Calculate o(v).
-8
Let q(n) = -n - 2*n + 7*n - 5. Suppose -3*t - 4*r - 47 = 0, t - r + 17 = -2*r. Let g = -15 - t. Calculate q(g).
19
Let f = -299 + 411. Let n be f/(-11) + -1 - (-12)/66. Let y(z) = z**3 + 11*z**2 - z - 10. Calculate y(n).
1
Let h(f) = -11*f + 28. Suppose 0 = -76*k + 90*k - 55 - 57. What is h(k)?
-60
Let q(u) be the sec